it of 210605196?
0
What is the ten thousands digit of 50062855?
6
What is the units digit of 3202661?
1
What is the units digit of 69905311?
1
What is the ten millions digit of 69430789?
6
What is the hundred thousands digit of 9899231?
8
What is the millions digit of 83083125?
3
What is the tens digit of 316499614?
1
What is the tens digit of 13237189?
8
What is the tens digit of 33949425?
2
What is the hundreds digit of 33869912?
9
What is the hundreds digit of 26546338?
3
What is the ten millions digit of 55336676?
5
What is the ten thousands digit of 35836855?
3
What is the hundred thousands digit of 8051326227?
3
What is the millions digit of 730345043?
0
What is the millions digit of 21187889?
1
What is the units digit of 1008969609?
9
What is the ten millions digit of 113694383?
1
What is the hundred millions digit of 1068822264?
0
What is the hundred thousands digit of 27279671?
2
What is the ten thousands digit of 72509890?
0
What is the hundred millions digit of 104822538?
1
What is the millions digit of 1250004454?
0
What is the hundred thousands digit of 955544909?
5
What is the ten thousands digit of 79449268?
4
What is the hundred millions digit of 137672467?
1
What is the units digit of 7965465?
5
What is the units digit of 67479872?
2
What is the tens digit of 147700784?
8
What is the thousands digit of 341714660?
4
What is the ten thousands digit of 84817673?
1
What is the hundred thousands digit of 36285168?
2
What is the hundred millions digit of 1146328378?
1
What is the tens digit of 828983654?
5
What is the hundreds digit of 453627712?
7
What is the millions digit of 104360314?
4
What is the hundred thousands digit of 394840031?
8
What is the hundreds digit of 34445162?
1
What is the tens digit of 208378726?
2
What is the thousands digit of 18887200?
7
What is the hundred thousands digit of 765807289?
8
What is the millions digit of 142488474?
2
What is the units digit of 120885313?
3
What is the hundreds digit of 566592052?
0
What is the units digit of 14320065?
5
What is the units digit of 2962547?
7
What is the tens digit of 84998007?
0
What is the tens digit of 385854010?
1
What is the hundred thousands digit of 60904590?
9
What is the tens digit of 3034366?
6
What is the thousands digit of 17694412?
4
What is the thousands digit of 673066088?
6
What is the hundred thousands digit of 127610691?
6
What is the hundred thousands digit of 1074108555?
1
What is the hundred millions digit of 155931230?
1
What is the ten millions digit of 192896993?
9
What is the hundred thousands digit of 47890228?
8
What is the hundred thousands digit of 7398486219?
4
What is the hundred millions digit of 6678918422?
6
What is the thousands digit of 1350977952?
7
What is the hundreds digit of 6350085116?
1
What is the ten thousands digit of 664986473?
8
What is the thousands digit of 10932667?
2
What is the thousands digit of 277669055?
9
What is the hundred thousands digit of 7085060449?
0
What is the units digit of 816103619?
9
What is the ten thousands digit of 950066698?
6
What is the hundred millions digit of 3317048804?
3
What is the hundreds digit of 4777969417?
4
What is the thousands digit of 717606029?
6
What is the hundred thousands digit of 125469924?
4
What is the hundred thousands digit of 47233555?
2
What is the units digit of 129279711?
1
What is the millions digit of 223440767?
3
What is the units digit of 2027171044?
4
What is the thousands digit of 1689175341?
5
What is the billions digit of 1592957374?
1
What is the ten millions digit of 4159466301?
5
What is the hundred thousands digit of 608419815?
4
What is the ten thousands digit of 136805017?
0
What is the hundred thousands digit of 163298191?
2
What is the hundreds digit of 330462382?
3
What is the units digit of 7389443887?
7
What is the hundred thousands digit of 755751549?
7
What is the ten thousands digit of 82386995?
8
What is the ten thousands digit of 42368015?
6
What is the hundred thousands digit of 1640140?
6
What is the ten millions digit of 226130360?
2
What is the hundred millions digit of 372923549?
3
What is the ten millions digit of 39911228?
3
What is the units digit of 54946622?
2
What is the tens digit of 971452140?
4
What is the tens digit of 33542967?
6
What is the hundreds digit of 78460021?
0
What is the hundred thousands digit of 443566662?
5
What is the ten thousands digit of 26408303?
0
What is the hundred millions digit of 872601203?
8
What is the ten millions digit of 169034698?
6
What is the thousands digit of 98186081?
6
What is the millions digit of 543844933?
3
What is the units digit of 1919162629?
9
What is the units digit of 990524941?
1
What is the units digit of 93207239?
9
What is the hundred millions digit of 141619202?
1
What is the tens digit of 1862104597?
9
What is the hundreds digit of 77157184?
1
What is the billions digit of 1550743805?
1
What is the units digit of 1570696974?
4
What is the thousands digit of 3198394125?
4
What is the hundreds digit of 1826647399?
3
What is the hundred thousands digit of 2545907804?
9
What is the tens digit of 41501246?
4
What is the units digit of 2411215725?
5
What is the tens digit of 134443806?
0
What is the hundred thousands digit of 558115530?
1
What is the hundred millions digit of 468989719?
4
What is the hundred thousands digit of 35618462?
6
What is the hundred thousands digit of 1644018618?
0
What is the hundreds digit of 231622672?
6
What is the millions digit of 1380855436?
0
What is the ten millions digit of 5180028375?
8
What is the thousands digit of 970364162?
4
What is the hundreds digit of 68200169?
1
What is the hundreds digit of 93061454?
4
What is the hundreds digit of 425992590?
5
What is the hundred millions digit of 522393984?
5
What is the units digit of 134659997?
7
What is the ten thousands digit of 2223617?
2
What is the hundreds digit of 35627597?
5
What is the hundreds digit of 131714180?
1
What is the ten millions digit of 7448618840?
4
What is the tens digit of 369278752?
5
What is the tens digit of 22903768?
6
What is the millions digit of 2520332360?
0
What is the ten millions digit of 113232402?
1
What is the ten thousands digit of 106895205?
9
What is the tens digit of 2207216417?
1
What is the thousands digit of 139909570?
9
What is the units digit of 10482685?
5
What is the millions digit of 52347908?
2
What is the ten millions digit of 60156343?
6
What is the hundreds digit of 58362212?
2
What is the ten thousands digit of 250481500?
8
What is the ten millions digit of 1219074814?
1
What is the units digit of 164911981?
1
What is the units digit of 26261147?
7
What is the ten thousands digit of 47618523?
1
What is the ten millions digit of 730546149?
3
What is the millions digit of 3215286196?
5
What is the hundred thousands digit of 1005129057?
1
What is the units digit of 29567204?
4
What is the hundred thousands digit of 1702335827?
3
What is the hundreds digit of 137525003?
0
What is the ten thousands digit of 957361331?
6
What is the ten thousands digit of 69084945?
8
What is the ten thousands digit of 610771007?
7
What is the hundred millions digit of 6515292783?
5
What is the units digit of 1049068399?
9
What is the hundred thousands digit of 1739393496?
3
What is the ten thousands digit of 148203444?
0
What is the tens digit of 44403541?
4
What is the hundred thousands digit of 146107803?
1
What is the units digit of 1318779860?
0
What is the ten thousands digit of 179733540?
3
What is the ten thousands digit of 44623559?
2
What is the hundreds digit of 63549801?
8
What is the units digit of 264393623?
3
What is the hundred millions digit of 1679396711?
6
What is the ten millions digit of 66606621?
6
What is the millions digit of 605595362?
5
What is the hundred millions digit of 269742668?
2
What is the ten thousands digit of 19538198?
3
What is the ten millions digit of 187189321?
8
What is the hundreds digit of 100314889?
8
What is the hundreds digit of 66436770?
7
What is the ten thousands digit of 3194193828?
9
What is the hundred millions digit of 2493888054?
4
What is the hundreds digit of 1120271?
2
What is the millions digit of 33217047?
3
What is the units digit of 42614937?
7
What is the hundreds digit of 167632295?
2
What